ainder when 449870 is divided by 1009.
865
Calculate the remainder when 77529716 is divided by 7184.
7172
Calculate the remainder when 1712229 is divided by 1471.
1456
What is the remainder when 4146565 is divided by 2073234?
97
Calculate the remainder when 296457 is divided by 7227.
150
What is the remainder when 8000 is divided by 4371?
3629
What is the remainder when 4117682 is divided by 121108?
10
What is the remainder when 44720065 is divided by 21?
19
What is the remainder when 280636 is divided by 21534?
694
Calculate the remainder when 2133166 is divided by 133268.
878
Calculate the remainder when 13238129 is divided by 56.
9
Calculate the remainder when 51473680 is divided by 7573.
7572
What is the remainder when 1440836 is divided by 99?
89
Calculate the remainder when 437145 is divided by 43712.
25
Calculate the remainder when 1194608 is divided by 4134.
4016
What is the remainder when 51990596 is divided by 25995289?
18
What is the remainder when 1332640 is divided by 2102?
2074
Calculate the remainder when 1138508 is divided by 147.
140
What is the remainder when 44687192 is divided by 35?
32
What is the remainder when 273785 is divided by 2609?
2449
What is the remainder when 684567 is divided by 12642?
1899
What is the remainder when 73144623 is divided by 25?
23
Calculate the remainder when 99708216 is divided by 3834931.
10
Calculate the remainder when 29995762 is divided by 14997878.
6
What is the remainder when 36773806 is divided by 21?
13
What is the remainder when 53792 is divided by 13439?
36
What is the remainder when 2807120 is divided by 5335?
910
What is the remainder when 13930595 is divided by 50?
45
What is the remainder when 862799 is divided by 215698?
7
What is the remainder when 4507194 is divided by 1502381?
51
Calculate the remainder when 407177 is divided by 919.
60
What is the remainder when 934624 is divided by 107?
86
What is the remainder when 21827042 is divided by 909460?
2
Calculate the remainder when 8041431 is divided by 518.
517
Calculate the remainder when 250969 is divided by 5975.
19
Calculate the remainder when 95777210 is divided by 12856.
10
Calculate the remainder when 2994265 is divided by 2664.
2593
Calculate the remainder when 523516 is divided by 261739.
38
Calculate the remainder when 3413676 is divided by 2038.
26
Calculate the remainder when 612588 is divided by 23.
6
What is the remainder when 39169 is divided by 330?
229
Calculate the remainder when 10921357 is divided by 2831.
2190
Calculate the remainder when 1705196 is divided by 980.
976
What is the remainder when 198514 is divided by 149?
46
What is the remainder when 8149807 is divided by 23?
10
What is the remainder when 40014482 is divided by 53?
12
Calculate the remainder when 13774124 is divided by 23.
22
Calculate the remainder when 13295113 is divided by 14562.
7
What is the remainder when 195204 is divided by 9?
3
Calculate the remainder when 6192718 is divided by 1548137.
170
What is the remainder when 13613 is divided by 6054?
1505
Calculate the remainder when 2083349 is divided by 52.
21
Calculate the remainder when 30267213 is divided by 26.
15
Calculate the remainder when 24801262 is divided by 36.
34
What is the remainder when 44081686 is divided by 8?
6
Calculate the remainder when 40910983 is divided by 153.
7
Calculate the remainder when 12733490 is divided by 150.
140
Calculate the remainder when 6675632 is divided by 5175.
5057
What is the remainder when 495292 is divided by 483?
217
Calculate the remainder when 6657129 is divided by 115.
9
Calculate the remainder when 4539834 is divided by 13.
0
Calculate the remainder when 5388319 is divided by 538831.
9
What is the remainder when 10438318 is divided by 1104?
1102
Calculate the remainder when 173992 is divided by 1415.
1362
Calculate the remainder when 12414903 is divided by 1551862.
7
Calculate the remainder when 37682378 is divided by 29.
10
Calculate the remainder when 221105415 is divided by 3761.
3747
What is the remainder when 3949803 is divided by 1974899?
5
What is the remainder when 595651 is divided by 1126?
1123
Calculate the remainder when 1136260 is divided by 739.
417
What is the remainder when 289283 is divided by 144156?
971
What is the remainder when 1358915 is divided by 1467?
473
What is the remainder when 174929 is divided by 3426?
203
What is the remainder when 79831 is divided by 15662?
1521
What is the remainder when 3706882 is divided by 661?
655
What is the remainder when 1579092 is divided by 36?
24
Calculate the remainder when 9113161 is divided by 623.
540
What is the remainder when 22726105 is divided by 20965?
45
What is the remainder when 5396170 is divided by 2698081?
8
What is the remainder when 286420 is divided by 35790?
100
What is the remainder when 3730 is divided by 2211?
1519
What is the remainder when 97782720 is divided by 4727?
4725
Calculate the remainder when 10597 is divided by 1999.
602
Calculate the remainder when 379121 is divided by 1196.
1185
What is the remainder when 29237 is divided by 3606?
389
Calculate the remainder when 6446204 is divided by 56.
44
Calculate the remainder when 69615 is divided by 69500.
115
Calculate the remainder when 107382 is divided by 400.
182
What is the remainder when 55651 is divided by 55202?
449
Calculate the remainder when 1541325 is divided by 234.
201
Calculate the remainder when 56125287 is divided by 317092.
3
Calculate the remainder when 1799158 is divided by 144.
22
What is the remainder when 364979394 is divided by 670918?
2
What is the remainder when 10181 is divided by 5426?
4755
What is the remainder when 35477591 is divided by 140784?
23
What is the remainder when 19561808 is divided by 1270?
1268
What is the remainder when 2202070 is divided by 11839?
16
What is the remainder when 62960 is divided by 1473?
1094
What is the remainder when 51221414 is divided by 88?
46
What is the remainder when 435753 is divided by 72478?
885
Calculate the remainder when 71256689 is divided by 16.
1
Calculate the remainder when 7421139 is divided by 7219.
7
Calculate the remainder when 28852807 is divided by 4859.
65
What is the remainder when 1015237 is divided by 2350?
37
What is the remainder when 82315 is divided by 1144?
1091
What is the remainder when 84050592 is divided by 84050588?
4
What is the remainder when 4045099 is divided by 4?
3
What is the remainder when 28935 is divided by 8816?
2487
What is the remainder when 141040 is divided by 140603?
437
What is the remainder when 1327810 is divided by 201?
4
Calculate the remainder when 10384 is divided by 1454.
206
Calculate the remainder when 84709 is divided by 1048.
869
What is the remainder when 13818 is divided by 1040?
298
Calculate the remainder when 1877 is divided by 1737.
140
Calculate the remainder when 2927004 is divided by 358.
354
Calculate the remainder when 287894 is divided by 227.
58
What is the remainder when 2265702 is divided by 70798?
166
Calculate the remainder when 261297 is divided by 257749.
3548
Calculate the remainder when 1490062 is divided by 20406.
424
Calculate the remainder when 1773085 is divided by 7036.
13
Calculate the remainder when 894980 is divided by 42617.
23
Calculate the remainder when 12261677 is divided by 13.
12
Calculate the remainder when 52332 is divided by 874.
766
Calculate the remainder when 39337450 is divided by 307.
5
Calculate the remainder when 8121200 is divided by 3481.
27
Calculate the remainder when 22749281 is divided by 751.
740
Calculate the remainder when 2898011 is divided by 1239.
1229
Calculate the remainder when 7355596 is divided by 257.
256
Calculate the remainder when 95626 is divided by 17744.
6906
What is the remainder when 5437501 is divided by 880?
861
Calculate the remainder when 108362 is divided by 107073.
1289
Calculate the remainder when 561253 is divided by 1530.
1273
What is the remainder when 202923 is divided by 318?
39
Calculate the remainder when 407086 is divided by 1147.
1048
What is the remainder when 467388 is divided by 3463?
3346
What is the remainder when 189279198 is divided by 352?
350
What is the remainder when 120401 is divided by 1234?
703
Calculate the remainder when 15359312 is divided by 95.
92
Calculate the rema